
List the prime factors of 14442.
2, 3, 29, 83
List the prime factors of 2268.
2, 3, 7
What are the prime factors of 44133?
3, 47, 313
List the prime factors of 10627.
10627
List the prime factors of 6758.
2, 31, 109
What are the prime factors of 1106?
2, 7, 79
What are the prime factors of 3557?
3557
What are the prime factors of 38971?
38971
List the prime factors of 1313.
13, 101
What are the prime factors of 126235?
5, 25247
List the prime factors of 404.
2, 101
List the prime factors of 5142.
2, 3, 857
List the prime factors of 4240.
2, 5, 53
What are the prime factors of 11277?
3, 7, 179
What are the prime factors of 2255?
5, 11, 41
List the prime factors of 1410.
2, 3, 5, 47
List the prime factors of 66261.
3, 13, 1699
What are the prime factors of 21060?
2, 3, 5, 13
What are the prime factors of 130530?
2, 3, 5, 19, 229
List the prime factors of 3311.
7, 11, 43
List the prime factors of 6503.
7, 929
List the prime factors of 21950.
2, 5, 439
What are the prime factors of 12758?
2, 6379
List the prime factors of 3144.
2, 3, 131
List the prime factors of 92173.
92173
List the prime factors of 105757.
17, 6221
What are the prime factors of 99130?
2, 5, 23, 431
List the prime factors of 26243.
7, 23, 163
What are the prime factors of 1996?
2, 499
List the prime factors of 622.
2, 311
What are the prime factors of 19389?
3, 23, 281
List the prime factors of 10369.
10369
What are the prime factors of 18948?
2, 3, 1579
What are the prime factors of 9731?
37, 263
What are the prime factors of 116522?
2, 7, 29, 41
List the prime factors of 2205.
3, 5, 7
What are the prime factors of 693?
3, 7, 11
What are the prime factors of 2324?
2, 7, 83
What are the prime factors of 1262?
2, 631
What are the prime factors of 7449?
3, 13, 191
What are the prime factors of 780?
2, 3, 5, 13
List the prime factors of 669.
3, 223
List the prime factors of 2590.
2, 5, 7, 37
List the prime factors of 253.
11, 23
What are the prime factors of 380?
2, 5, 19
List the prime factors of 4977.
3, 7, 79
List the prime factors of 18572.
2, 4643
What are the prime factors of 5932?
2, 1483
List the prime factors of 2371.
2371
List the prime factors of 13238.
2, 6619
List the prime factors of 547.
547
What are the prime factors of 20884?
2, 23, 227
List the prime factors of 336.
2, 3, 7
List the prime factors of 417.
3, 139
List the prime factors of 33403.
33403
What are the prime factors of 125037?
3, 11, 421
List the prime factors of 827.
827
List the prime factors of 326.
2, 163
List the prime factors of 2428.
2, 607
What are the prime factors of 4880?
2, 5, 61
What are the prime factors of 13266?
2, 3, 11, 67
List the prime factors of 1023.
3, 11, 31
List the prime factors of 49356.
2, 3, 457
What are the prime factors of 24778?
2, 13, 953
List the prime factors of 180.
2, 3, 5
What are the prime factors of 34877?
34877
List the prime factors of 5233.
5233
What are the prime factors of 17284?
2, 29, 149
What are the prime factors of 100?
2, 5
List the prime factors of 765.
3, 5, 17
What are the prime factors of 7536?
2, 3, 157
What are the prime factors of 34503?
3, 7, 31, 53
List the prime factors of 22273.
22273
What are the prime factors of 6657?
3, 7, 317
List the prime factors of 2171.
13, 167
What are the prime factors of 439?
439
What are the prime factors of 2989?
7, 61
List the prime factors of 2789.
2789
List the prime factors of 82724.
2, 20681
List the prime factors of 1096.
2, 137
What are the prime factors of 67319?
7, 59, 163
What are the prime factors of 5653?
5653
What are the prime factors of 16224?
2, 3, 13
List the prime factors of 52.
2, 13
What are the prime factors of 56483?
7, 8069
What are the prime factors of 11308?
2, 11, 257
List the prime factors of 4436.
2, 1109
List the prime factors of 1352.
2, 13
List the prime factors of 2861.
2861
What are the prime factors of 971?
971
List the prime factors of 11939.
11939
What are the prime factors of 11253?
3, 11, 31
List the prime factors of 58818.
2, 3, 9803
What are the prime factors of 13473?
3, 499
What are the prime factors of 1035?
3, 5, 23
List the prime factors of 5081.
5081
What are the prime factors of 539?
7, 11
List the prime factors of 36233.
19, 1907
List the prime factors of 44266.
2, 22133
List the prime factors of 6605.
5, 1321
List the prime factors of 17589.
3, 11, 13, 41
What are the prime factors of 143077?
11, 13007
List the prime factors of 25145.
5, 47, 107
List the prime factors of 186.
2, 3, 31
What are the prime factors of 1727?
11, 157
List the prime factors of 12514.
2, 6257
What are the prime factors of 169939?
7, 11, 2207
List the prime factors of 1534.
2, 13, 59
What are the prime factors of 11033?
11, 17, 59
What are the prime factors of 2917?
2917
List the prime factors of 868.
2, 7, 31
List the prime factors of 8551.
17, 503
What are the prime factors of 1739?
37, 47
List the prime factors of 59728.
2, 3733
List the prime factors of 2078.
2, 1039
What are the prime factors of 1651?
13, 127
List the prime factors of 2584.
2, 17, 19
What are the prime factors of 481?
13, 37
What are the prime factors of 3156?
2, 3, 263
What are the prime factors of 42099?
3, 14033
What are the prime factors of 2450?
2, 5, 7
What are the prime factors of 383?
383
What are the prime factors of 82?
2, 41
List the prime factors of 11041.
61, 181
What are the prime factors of 15834?
2, 3, 7, 13, 29
What are the prime factors of 6998?
2, 3499
What are the prime factors of 45030?
2, 3, 5, 19, 79
What are the prime factors of 154193?
13, 29, 409
List the prime factors of 41216.
2, 7, 23
What are the prime factors of 19438?
2, 9719
What are the prime factors of 204?
2, 3, 17
What are the prime factors of 34556?
2, 53, 163
List the prime factors of 9562.
2, 7, 683
List the prime factors of 106198.
2, 29, 1831
What are the prime factors of 79?
79
List the prime factors of 3881.
3881
List the prime factors of 13919.
31, 449
What are the prime factors of 361?
19
What are the prime factors of 143159?
143159
What are the prime factors of 13265?
5, 7, 379
List the prime factors of 2541.
3, 7, 11
List the prime factors of 1294.
2, 647
What are the prime factors of 31070?
2, 5, 13, 239
What are the prime factors of 39176?
2, 59, 83
List the prime factors of 25029.
3, 103
What are the prime factors of 96490?
2, 5, 9649
List the prime factors of 2885.
5, 577
List the prime factors of 283.
283
List the prime factors of 5843.
5843
What are the prime factors of 10898?
2, 5449
What are the prime factors of 31675?
5, 7, 181
List the prime factors of 28264.
2, 3533
List the prime factors of 1302.
2, 3, 7, 31
What are the prime factors of 531?
3, 59
List the prime factors of 21630.
2, 3, 5, 7, 103
What are the prime factors of 47786?
2, 23893
What are the prime factors of 31161?
3, 13, 17, 47
List the prime factors of 5643.
3, 11, 19
List the prime factors of 2106.
2, 3, 13
List the prime factors of 6865.
5, 1373
List the prime factors of 4261.
4261
List the prime factors of 23425.
5, 937
What are the prime factors of 3566?
2, 1783
What are the prime factors of 2225?
5, 89
List the prime factors of 646.
2, 17, 19
List the prime factors of 178.
2, 89
List the prime factors of 403.
13, 31
List the prime factors of 390.
2, 3, 5, 13
List the prime factors of 846.
2, 3, 47
What are the prime factors of 6367?
6367
What are the prime factors of 5995?
5, 11, 109
List the prime factors of 36274.
2, 7, 2591
What are the prime factors of 6872?
2, 859
List the prime factors of 2151.
3, 239
What are the prime factors of 1497?
3, 499
List the prime factors of 9535.
5, 1907
List the prime factors of 9421.
9421
What are the prime factors of 83173?
31, 2683
What are the prime factors of 277?
277
What are the prime factors of 50255?
5, 19, 23
List the prime factors of 18337.
11, 1667
List the prime factors of 5567.
19, 293
List the prime factors of 4271.
4271
List the prime factors of 19087.
19087
What are the prime factors of 4306?
2, 2153
What are the prime factors of 1868?
2, 467
What are the prime factors of 387?
3, 43
List the prime factors of 21372.
2, 3, 13, 137
List the prime factors of 669.
3, 223
List the prime factors of 35618.
2, 11, 1619
List the prime factors of 105792.
2, 3, 19, 29
What are the prime factors 